r when h(j) is divided by (-16)/(-24) + 4/3.
1
Calculate the remainder when (1122/(-8) + 9)/(2/(-8)) is divided by 41.
33
Suppose 2*t = -4*m + 4*t + 234, -4*m + 4*t + 236 = 0. Suppose 7*o - 247 = -m. What is the remainder when o is divided by 10?
7
Let n(x) = -x**3 - 16*x**2 - 17*x + 10. Calculate the remainder when ((-32)/(-48))/(1/174) is divided by n(-15).
36
Suppose -10*o + 3*o = -490. Suppose x + o = 3*n + 12, -n = -4*x - 1. Calculate the remainder when 61 is divided by n.
19
Suppose 70*d - 6*d - 6528 = 0. Suppose 0*u + 75 = 5*u. Calculate the remainder when d is divided by u.
12
Let d(r) = r**3 - 6*r**2 - 4*r - 14. What is the remainder when 109 is divided by d(7)?
4
What is the remainder when -3*(-61)/3 + -1 is divided by 25?
10
Suppose -2*i - 82 = -2*r - 6*i, -r + 47 = -4*i. Suppose -j + 179 = 2*t, t + r = 3*j + 136. What is the remainder when t is divided by 23?
21
Suppose 3*u + 4*p = -p - 104, 0 = -u + 4*p - 63. Let l = 83 + u. Suppose 4*n + 5*g = l, 3*n - 17 = -2*g + 6. What is the remainder when 22 is divided by n?
2
Let r(s) = 173*s - 25. What is the remainder when r(8) is divided by 85?
84
Suppose p - 21 = -0*p. Let d(w) = 2*w**2 - 17*w - 5. What is the remainder when p is divided by d(9)?
1
Let o(l) = 7*l - 284. What is the remainder when o(49) is divided by 26?
7
Let x = -21 - -35. Suppose -12*r + x*r = 210. What is the remainder when r is divided by 36?
33
Let p be (14 - 8)*2/4. Suppose 60 = 2*l + p*l. Calculate the remainder when 45 is divided by l.
9
Suppose 0*o - j + 8 = o, -2*o - 3*j = -18. Let v = 1719 + -1706. Calculate the remainder when v is divided by o.
1
Let s(y) be the third derivative of -y**5/30 - 43*y**4/24 - 8*y**3/3 + 54*y**2. Calculate the remainder when s(-20) is divided by 17.
10
Let b(u) = -54*u. Let w(x) be the first derivative of x**3/3 + 11*x**2/2 - 13*x + 4. Let y be w(-12). What is the remainder when b(y) is divided by 19?
16
Suppose 2*k - 312 = -y - y, 3*y + k = 474. What is the remainder when y is divided by 80?
79
Suppose 0 = -9*w - 2*w + 594. Calculate the remainder when w is divided by 30.
24
Let n = -422 + 1755. Suppose 0 = 3*x - 5*v - 1071, 452 = 5*x - 5*v - n. Calculate the remainder when 44 is divided by 1/8 - x/(-24).
14
Let o(k) = 94*k. Let f be o(-3). Let z = -146 - f. What is the remainder when z is divided by 23?
21
Suppose -6*r + 528 = -2*r. Calculate the remainder when r is divided by 32.
4
Calculate the remainder when 2/(-25) - 11104/(-50) is divided by 76.
70
Let q be (92/3)/(20/30). Suppose -2*l - 5 = -f + l, q = 4*f + l. Calculate the remainder when 20 is divided by f.
9
Let q(r) = -25*r - 336. Suppose 3*d + 0*d = 75. Calculate the remainder when d is divided by q(-14).
11
Let u(v) = -2*v**3 - 39*v**2 + 21*v + 24. Let f = -5 + 11. What is the remainder when f is divided by u(-20)?
2
Let g = 18 + -11. Suppose -8*z + 16 = -g*z. Calculate the remainder when z is divided by 9.
7
Let o(v) = v**2 + 9*v - 2. Let h be o(6). Let m = 171 - h. Calculate the remainder when m is divided by (-6)/(2 - 0) - -24.
20
Suppose 2*q + 5 = -m, 4*q + 18 = 2*m + q. What is the remainder when 491 is divided by m?
2
Suppose -5*z + 144 = 7*z. What is the remainder when 69 is divided by z?
9
Let t = 12 - 4. Suppose -t = 5*v - 23. What is the remainder when 16 is divided by v?
1
Let c be (-2)/(-4)*4 - -1. Let q = c + 3. What is the remainder when ((-24)/(-5))/(q/30) is divided by 13?
11
Let s = -107 - -138. What is the remainder when 772 is divided by s?
28
Let d be 40/15 + 4/(-6). Let p(q) = -3*q**2 + d - 3*q**2 + 5*q**2 - 9*q + q. Calculate the remainder when 32 is divided by p(-5).
15
Let h = -675 - -751. Calculate the remainder when 454 is divided by h.
74
Let h(i) = -6*i**2 - i - 5. Let s be h(-3). Let o = s + 75. Calculate the remainder when 90 is divided by o.
14
Let y(t) = t**2 + 30*t - 172. What is the remainder when 110 is divided by y(-36)?
22
Let x(r) = -r**2 - 5*r + 4. Let a be x(-6). Let h(n) = 5*n + 3. Let m be h(a). What is the remainder when 44 is divided by 13 - m/((-28)/(-8))?
14
Let v be (6/10)/(11/55). Let j(m) = -2*m + 7. Let y be j(-7). Suppose -c = u - y, u + 16 = c - v*u. Calculate the remainder when 39 is divided by c.
19
Suppose -d - 5*i = 3*d - 38, -6 = -3*i. Let y = 14 - d. What is the remainder when y is divided by 5?
2
Let y be (-2)/(1/6*-3). What is the remainder when 317/y + (-42)/(-56) is divided by 14?
10
Let p = 0 - -61. Suppose -3*g - 4*x = -p, -x = 2*g - 0*x - 39. Let h = -3 - -13. What is the remainder when g is divided by h?
9
Let r(g) = 49*g - 9. Calculate the remainder when 143 is divided by r(1).
23
Let l(w) = 75*w - 433. What is the remainder when l(8) is divided by 21?
20
Suppose -2*p - 98 = -3*p. Calculate the remainder when p is divided by 13.
7
Calculate the remainder when 96 - (12 - 35/7) is divided by 12.
5
What is the remainder when 73 is divided by (24/(-14))/(3/(-63)) - -2?
35
Let s(o) be the first derivative of -7*o**2/2 - 9*o + 7. Let n be s(3). What is the remainder when 38 is divided by (-146)/(-10) + (-12)/n?
8
Let i be (-455)/10*-1 - 3/(-2). Let m(r) = r**3 - 4*r**2 + 4*r - 2. Let h be m(4). Let n = i - h. Calculate the remainder when n is divided by 9.
6
Suppose -2*c + 37 + 53 = 0. Let o = 53 - c. What is the remainder when 23 is divided by o?
7
Let m(y) = 3*y. Suppose c + 0 - 2 = 0. Let b be m(c). Calculate the remainder when (b/(-4))/((-12)/248) is divided by 8.
7
Calculate the remainder when 330 is divided by 7/(-21) - (-15)/(225/590).
18
Let y(n) = n**2 + 6*n - 22. Let x be y(-9). Suppose -8 = -2*w + 12. Suppose 3*o = v - w, -x*v = -5*o - 24 - 46. What is the remainder when 30 is divided by v?
14
Let z = -7 - -11. Suppose 2*s - z*s = -72. Let q = s + -15. Calculate the remainder when 81 is divided by q.
18
Let v = 18 - 9. Let r be 4*(-6)/(24/46). Let g = r + 81. What is the remainder when g is divided by v?
8
Let g(m) = -4*m**3 + m**2 - 3*m - 2. Let u be g(-2). Suppose 2*f - 76 = u. Calculate the remainder when f is divided by 20.
18
Suppose -o + 2*o - 67 = -4*n, -54 = -3*n + 3*o. Suppose g - 40 = -4*t, -t + 4*g + 23 = g. What is the remainder when n is divided by t?
6
Suppose 0 = 2*f + 19 - 151. Let i = -1 - -1. Suppose -229 = -4*j - 3*m, i = -j - 4*m + 5*m + f. Calculate the remainder when j is divided by 16.
13
Calculate the remainder when 55/(7 + (-410)/60) is divided by 86.
72
Suppose -3*s = 2*r - 23, 3*r + 0*s + 5*s - 35 = 0. What is the remainder when 257 is divided by r?
7
Let i(q) = -q + 17. Let j = -7 + 16. Calculate the remainder when -4*(4 - 155/20) is divided by i(j).
7
Suppose 3*h - 278 = 619. Calculate the remainder when h is divided by 43.
41
Let w be 1 - (-3)/1 - 0. Suppose w*i - 43 = 9. Suppose -2 = 2*m - 16. What is the remainder when i is divided by m?
6
Suppose -46 = -2*j + 4*r + 138, 291 = 3*j - 3*r. Calculate the remainder when j is divided by 18.
12
Let k = -14 - -29. Suppose -5*x = 3*g - 124, 3*g - 84 = 188*x - 191*x. What is the remainder when x is divided by k?
5
Suppose -32 = -5*y - 3*d, 4 = 4*y - 5*d + 2*d. Calculate the remainder when 98 is divided by y.
2
Let j be (-18)/3*1/(-1). Suppose 102 = -4*c + j*c. Calculate the remainder when c is divided by 18.
15
Let w be 72/10*(-160)/(-16). Let m = w - -59. What is the remainder when m is divided by (-399)/(-12) - 2/8?
32
Suppose 5*o + r = 139 + 123, -10 = -5*r. Suppose -2*b - 2 = -o. What is the remainder when b is divided by 9?
7
Let r = 1410 - 1316. What is the remainder when r is divided by 15?
4
Suppose 0 = j + 2*j - 3*g + 9, 0 = -4*j + 5*g - 11. Let s be -7*(1 + (j - -1)). Let c = 19 + s. What is the remainder when c is divided by 12?
9
Suppose 0 = 4*i - 3*i - 4. Suppose -4*k + 3*p + 22 = 0, 6*k + 4*p = k + 12. Suppose k*t + 45 = 9*t. Calculate the remainder when t is divided by i.
1
Let k(q) = -q**2 + 13*q + 354. What is the remainder when 5038 is divided by k(26)?
14
Suppose 3*r + 3*i - 3459 = 0, -32 + 40 = 4*i. What is the remainder when r is divided by 72?
71
What is the remainder when 123 is divided by (36 - -1) + 49 + -52?
21
Suppose -2*r = -32 + 6. Suppose 18*u - 65 = r*u. Calculate the remainder when u is divided by 40/6*(-6)/(-5).
5
Let h(b) = b**2 - 10*b - 2. Let p be h(9). What is the remainder when 6/33 - 669/p is divided by 21?
19
Suppose 18 - 6 = -4